 and y.
6
Suppose 3*k + 10 - 57 = -h, 0 = 3*h - k - 101. Suppose -246 - 384 = -h*v. What is the greatest common divisor of 18 and v?
18
Let t(z) = -z**3 - 8*z**2 - 12*z - 31. Let r be t(-7). Let w be 0 + (4 - r - -1). Let l = 53 - w. What is the highest common divisor of l and 104?
52
Suppose 0 = -144*t + 1803 + 1365. What is the greatest common divisor of 202 and t?
2
Let k = -134 - -135. Let x be (75/10)/k*8/10. Calculate the greatest common divisor of x and 66.
6
Suppose 2*u + 10 = 4*f, -4*u = -3*u - 5. Suppose k - 1305 = n, f*k + 7*n = 4*n + 6557. Calculate the highest common divisor of 77 and k.
77
Let v = -5 + 21. Suppose 0 = 13*y - 23*y + 360. Calculate the highest common factor of y and v.
4
Let u(k) = 7*k**2 - 18*k - 2. Let w be u(-8). What is the greatest common divisor of w and 354?
118
Let q be 34658/16 - ((-14)/80 + 48/160). What is the greatest common divisor of q and 456?
114
Let j be 10/(-55) + 211/11 + -7. Suppose 5*q - 27 = -3*c - c, -q - 1 = 4*c. Let l = -4 + q. Calculate the greatest common divisor of j and l.
3
Let i(t) = 146*t - 1368. Let l be i(11). Calculate the highest common factor of 161 and l.
7
Let q(v) = 11*v - 115. Let y(k) = -8*k + 76. Let c(m) = -5*q(m) - 7*y(m). Let x be c(7). What is the highest common divisor of x and 25?
25
Suppose -48 = -16*f + 10*f. Suppose f*n = 193 + 479. What is the greatest common factor of n and 42?
42
Let o be 74/(-19) + 60/(-570) - -31. Calculate the highest common divisor of o and 1647.
27
Let b(d) = -2*d**3 - 118*d**2 + 102*d + 621. Let s be b(-60). Calculate the greatest common factor of s and 6.
3
Let x = 29 + -15. Let w(j) = j**3 - 12*j**2 + 8*j + 27. Let f be w(11). Let p be 16/(-12)*f*14. Calculate the highest common divisor of p and x.
14
Let o = 328 + -273. What is the highest common factor of o and 27280?
55
Suppose w - 5 + 14 = -g, -3*w + 4*g - 48 = 0. Let l be (79 + -1)/(-1*9/w). What is the highest common divisor of 65 and l?
13
Let t = 6800 + -6738. What is the highest common divisor of 1488 and t?
62
Let l be 4 - (2 - (5 - 2)). Suppose 3*f = 3*n - 111, -3*n - 2*f - 6 = -97. Let g = n + -28. What is the highest common divisor of l and g?
5
Suppose -3*a = 3*r + 1362, 3*r - 1119 - 1111 = 5*a. Let j = a - -677. What is the greatest common factor of j and 12?
12
Let v(k) = -k - 73. Let h be v(24). Let o = h + 109. Let j(c) = 31*c**2 + c. Let r be j(-1). What is the greatest common factor of o and r?
6
Suppose 0 = -132*f + 86535 + 51273. What is the greatest common divisor of f and 14?
2
Suppose 108 = -61*j + 64*j. Let x(v) = 7*v + 0*v + 48 + 0*v - 2*v. Let w be x(0). What is the greatest common factor of w and j?
12
Suppose 12*m - 1766 - 1090 = 0. Let q = 261 - m. Let h = -237 + 421. Calculate the highest common factor of q and h.
23
Let g = 2788 - 2754. What is the greatest common divisor of 442 and g?
34
Let f be (27/36)/(1/4). Let y be (2 - 0)*(5 + -7). Let w be (-9)/12 + (-135)/y. What is the highest common factor of w and f?
3
Let u(y) = 10*y - 9. Let n be (-6)/18 - 69/9. Let c = 12 + n. Let p be u(c). What is the highest common factor of p and 155?
31
Suppose -36*r = 35*r - 119351. What is the greatest common factor of r and 533?
41
Suppose 0 = 3*k - 6, 5*k + 23375 = 4*t + 465. Calculate the highest common factor of 10 and t.
10
Suppose 0 = -d - 0*d. Let a(p) = 6*p + 2. Let s be a(d). Suppose 6 = 2*o, -z - s = -o - 10. Calculate the greatest common divisor of z and 55.
11
Suppose -22*m + 17*m + 90 = 0. Let h be 9232/60 - m/(-135). Calculate the highest common divisor of h and 28.
14
Let q be -1 - 15/(30/(-124)). Let a = 1410 + -922. What is the greatest common divisor of q and a?
61
Suppose q - 6 = g, -q - 14 = 18*g - 14*g. Suppose 3*t = -q*x + 74, -104 + 12 = -4*t + 4*x. What is the greatest common factor of t and 200?
8
Let g(u) = -15*u - 6. Let c be g(3). Let y be 4*(c/4 + -2). Let a = -36 - y. Calculate the greatest common factor of a and 161.
23
Let g = 36 - 38. Let t be (9 + -2)/(g/(-2))*-4. Let x = t - -37. Calculate the greatest common divisor of 162 and x.
9
Suppose -k - 5*r = -17, -4*k = r - 32 - 55. Calculate the highest common divisor of k and 122.
2
Let m(n) = 2*n**3 + 27*n**2 - 20*n - 2. Let s be m(-8). Let k = -822 + s. Let h be 0*(-1)/(-1) - -20. Calculate the greatest common divisor of h and k.
20
Let s(i) = -9*i - 78. Let f be s(-9). Suppose 6*k = 2*k + o + 61, -5*o + 63 = f*k. Let d = 27 + 21. What is the greatest common divisor of k and d?
16
Let x = 8 - -5. Let q(b) be the first derivative of b**4/4 + b**3/3 - 3*b**2/2 + 8*b - 24. Let d be q(5). What is the highest common factor of d and x?
13
Suppose 0 = 3*x + 7*x + 4950. Let p = x + 500. What is the greatest common factor of p and 370?
5
Let m be (-77 + 4719)/(4 - (5 - 2)). Calculate the highest common divisor of m and 22.
22
Suppose 3133 = 216*i - 46*i + 413. Calculate the greatest common divisor of i and 17968.
16
Suppose 0 = -d + 5*r + 77 + 7, 322 = 3*d - 5*r. What is the highest common factor of d and 448?
7
Let r = 7427 + -7357. What is the highest common divisor of 220 and r?
10
Suppose -5*f = -3*a - 2, 3*a - 2*a - 5 = -4*f. Let h be -56 + 54 + -57*(-1 - f). Calculate the highest common factor of 42 and h.
14
Let u = -111 + 157. Suppose n - 30 = 5*x, -5*n + u = -2*x - 35. What is the greatest common divisor of 255 and n?
15
Suppose -8 = 5*s - 638. What is the highest common factor of 56 and s?
14
Let u = -783 + 1621. Let f = 839 - u. Let c = -1 - -14. Calculate the highest common factor of c and f.
1
Let q be 457 + (6/15)/1*-10. What is the greatest common factor of q and 3?
3
Suppose 10*f = 287 + 983. Suppose 5*y - f = 263. What is the greatest common divisor of 195 and y?
39
Let p = 41 + -68. Let w(s) = 2*s**2 + 53*s - 21. Let j be w(p). Calculate the highest common factor of 222 and j.
6
Suppose 13*m - 480 = -7*m. Calculate the greatest common factor of m and 1116.
12
Let o(f) = -f**3 + f**2 + 157*f + 23. Let t be o(13). What is the highest common divisor of t and 954?
18
Let h = -206 - -221. Suppose -b + 0*b + 4*p = -h, -4*b + 60 = -p. Let f = -62 + 167. Calculate the highest common factor of b and f.
15
Suppose 132 = -0*l + 4*l. Suppose -139*x + 11*x = -38016. What is the highest common factor of x and l?
33
Suppose 6*g + 132 = 4*w + 2*g, 4*w - g = 141. Let f(s) = -3*s - s + 3*s - 23 + 40. Let q be f(-19). What is the greatest common divisor of q and w?
36
Suppose -4*k - 3180 = -4*t, -5*k = -27*t + 23*t + 3185. Let b = t - 733. What is the greatest common factor of 209 and b?
19
Suppose 5*r + 2*s + 78 = r, -3*r = -2*s + 48. Let o be (-575)/(-45) + (-4)/r. Suppose 294*d = 16*d + 46982. Calculate the greatest common divisor of o and d.
13
Let o be (-1)/(3/(-8172)) - (5 - -4 - 8). What is the highest common factor of o and 21?
7
Suppose -6*c - 45 = 3. Let d be (-7)/(42/c)*42/4. Let q be 56*((-12)/(-4) - 1). What is the greatest common divisor of q and d?
14
Let b(a) = a**3 + 7*a**2 - 9*a - 4. Suppose 30*q - 40*q = 40. Let f be b(q). What is the greatest common divisor of 10 and f?
10
Let i be (-1)/((-2)/12 - (5782/(-476) - -12)). What is the greatest common divisor of 187 and i?
17
Let a be (33/110)/((-1)/(-5))*-122. Let w = -95 - a. Calculate the greatest common divisor of w and 44.
44
Suppose -2*d + 16*u = 20*u - 1512, -d = 3*u - 760. What is the greatest common divisor of 1700 and d?
68
Let g(r) = -3*r + 58. Let h(a) = 2*a**2 + a - 7. Let i be h(2). Let q be 28/(-84) + 37/i. Let p be g(q). What is the highest common factor of p and 11?
11
Let b = -232 - -635. Calculate the highest common divisor of b and 496.
31
Let l be 1 + (7 - (7 + -1 + -3)). Suppose 5*o = -l*c + c + 7, 0 = -o + 3*c + 9. Let r be (103/3 + 2 + -3)*o. Calculate the greatest common divisor of r and 40.
20
Let d be 19/(-38)*(0 + -170) + 6. Suppose -6*u + 23*u - 221 = 0. What is the highest common divisor of u and d?
13
Let u be (-3)/(6/14) + 56. Suppose u*o = 54*o - 3920. What is the highest common divisor of 16 and o?
16
Let u(o) = -13*o + 3. Let g be u(-5). Let y = 1174 - 1172. Let f be (24/36)/((-2 - y)/(-612)). Calculate the highest common divisor of g and f.
34
Let o(r) = -2*r - 35. Let z be o(-18). Let h be (-9)/(-6)*1*(-4)/(-3). Let d be 17/((0 + (-4)/(-8))*h). What is the highest common divisor of z and 